{"id":106,"date":"2022-03-08T19:10:33","date_gmt":"2022-03-08T22:10:33","guid":{"rendered":"https:\/\/allprintvarella.com.br\/quote\/?page_id=106"},"modified":"2022-03-08T19:10:33","modified_gmt":"2022-03-08T22:10:33","slug":"solicite-orcamento","status":"publish","type":"page","link":"https:\/\/allprintvarella.com.br\/quote\/","title":{"rendered":"Solicite Or\u00e7amento"},"content":{"rendered":"\n<div class=\"wp-block-contact-form-7-contact-form-selector\">\n<div class=\"wpcf7 no-js\" id=\"wpcf7-f85-o1\" lang=\"pt-BR\" dir=\"ltr\" data-wpcf7-id=\"85\">\n<div class=\"screen-reader-response\"><p role=\"status\" aria-live=\"polite\" aria-atomic=\"true\"><\/p> <ul><\/ul><\/div>\n<form action=\"\/quote\/wp-json\/wp\/v2\/pages\/106#wpcf7-f85-o1\" method=\"post\" class=\"wpcf7-form init\" aria-label=\"Formul\u00e1rios de contato\" novalidate=\"novalidate\" data-status=\"init\">\n<fieldset class=\"hidden-fields-container\"><input type=\"hidden\" name=\"_wpcf7\" value=\"85\" \/><input type=\"hidden\" name=\"_wpcf7_version\" value=\"6.1.5\" \/><input type=\"hidden\" name=\"_wpcf7_locale\" value=\"pt_BR\" \/><input type=\"hidden\" name=\"_wpcf7_unit_tag\" value=\"wpcf7-f85-o1\" \/><input type=\"hidden\" name=\"_wpcf7_container_post\" value=\"0\" \/><input type=\"hidden\" name=\"_wpcf7_posted_data_hash\" value=\"\" \/>\n<\/fieldset>\n<div class=\"wpcf7-turnstile cf-turnstile\" data-sitekey=\"0x4AAAAAABurfvSjv-LRQyWR\" data-response-field-name=\"_wpcf7_turnstile_response\"><\/div>\n\n<p><label> Seu nome<br \/>\n<span class=\"wpcf7-form-control-wrap\" data-name=\"your-name\"><input size=\"40\" maxlength=\"400\" class=\"wpcf7-form-control wpcf7-text wpcf7-validates-as-required\" aria-required=\"true\" aria-invalid=\"false\" value=\"\" type=\"text\" name=\"your-name\" \/><\/span> <\/label>\n<\/p>\n<p><label> Seu e-mail<br \/>\n<span class=\"wpcf7-form-control-wrap\" data-name=\"your-email\"><input size=\"40\" maxlength=\"400\" class=\"wpcf7-form-control wpcf7-email wpcf7-validates-as-required wpcf7-text wpcf7-validates-as-email\" aria-required=\"true\" aria-invalid=\"false\" value=\"\" type=\"email\" name=\"your-email\" \/><\/span> <\/label>\n<\/p>\n<p><strong>Capa<\/strong><br \/>\nA capa do livro ser\u00e1 impressa em papel cart\u00e3o supremo 250g., 4x0 cores, ou seja, quatro cores de um lado e sem impress\u00e3o do outro lado.<br \/>\n<span class=\"wpcf7-form-control-wrap\" data-name=\"capa\"><span class=\"wpcf7-form-control wpcf7-radio\"><span class=\"wpcf7-list-item first\"><input type=\"radio\" name=\"capa\" value=\"Capa Lamina\u00e7\u00e3o Brilho\" checked=\"checked\" \/><span class=\"wpcf7-list-item-label\">Capa Lamina\u00e7\u00e3o Brilho<\/span><\/span><span class=\"wpcf7-list-item last\"><input type=\"radio\" name=\"capa\" value=\"Capa Lamina\u00e7\u00e3o Fosca\" \/><span class=\"wpcf7-list-item-label\">Capa Lamina\u00e7\u00e3o Fosca<\/span><\/span><\/span><\/span><br \/>\n Orelhas na capa?<br \/>\n<span class=\"wpcf7-form-control-wrap\" data-name=\"orelhas\"><span class=\"wpcf7-form-control wpcf7-radio\"><span class=\"wpcf7-list-item first\"><input type=\"radio\" name=\"orelhas\" value=\"sim\" checked=\"checked\" \/><span class=\"wpcf7-list-item-label\">sim<\/span><\/span><span class=\"wpcf7-list-item last\"><input type=\"radio\" name=\"orelhas\" value=\"n\u00e3o\" \/><span class=\"wpcf7-list-item-label\">n\u00e3o<\/span><\/span><\/span><\/span>\n<\/p>\n<p><strong>Miolo impresso em 1x1 cor (preto).<\/strong><br \/>\nSelecione o tamanho para o seu livro.<br \/>\n<span class=\"wpcf7-form-control-wrap\" data-name=\"tamanho\"><span class=\"wpcf7-form-control wpcf7-radio\"><span class=\"wpcf7-list-item first\"><input type=\"radio\" name=\"tamanho\" value=\"14 x 21 cm\" checked=\"checked\" \/><span class=\"wpcf7-list-item-label\">14 x 21 cm<\/span><\/span><span class=\"wpcf7-list-item\"><input type=\"radio\" name=\"tamanho\" value=\"15 x 21 cm\" \/><span class=\"wpcf7-list-item-label\">15 x 21 cm<\/span><\/span><span class=\"wpcf7-list-item last\"><input type=\"radio\" name=\"tamanho\" value=\"16 x 23 cm\" \/><span class=\"wpcf7-list-item-label\">16 x 23 cm<\/span><\/span><\/span><\/span>\n<\/p>\n<p><strong>Papel<\/strong><br \/>\nSelecione o tipo de papel.<br \/>\n<span class=\"wpcf7-form-control-wrap\" data-name=\"papel\"><span class=\"wpcf7-form-control wpcf7-radio\"><span class=\"wpcf7-list-item first\"><input type=\"radio\" name=\"papel\" value=\"Offset 75g\" checked=\"checked\" \/><span class=\"wpcf7-list-item-label\">Offset 75g<\/span><\/span><span class=\"wpcf7-list-item\"><input type=\"radio\" name=\"papel\" value=\"Offset 90g\" \/><span class=\"wpcf7-list-item-label\">Offset 90g<\/span><\/span><span class=\"wpcf7-list-item last\"><input type=\"radio\" name=\"papel\" value=\"P\u00f3len Soft 80g\" \/><span class=\"wpcf7-list-item-label\">P\u00f3len Soft 80g<\/span><\/span><\/span><\/span>\n<\/p>\n<p><label> <strong>N\u00famero de p\u00e1ginas<\/strong><br \/>\n<span class=\"wpcf7-form-control-wrap\" data-name=\"numpages\"><input class=\"wpcf7-form-control wpcf7-number wpcf7-validates-as-required wpcf7-validates-as-number\" aria-required=\"true\" aria-invalid=\"false\" value=\"\" type=\"number\" name=\"numpages\" \/><\/span> <\/label>\n<\/p>\n<p><label> <strong>Quantidade de Livros (50 \u00e0 300 exemplares)<\/strong><br \/>\n<span class=\"wpcf7-form-control-wrap\" data-name=\"qtdlivros\"><input class=\"wpcf7-form-control wpcf7-number wpcf7-validates-as-required wpcf7-validates-as-number\" min=\"50\" aria-required=\"true\" aria-invalid=\"false\" value=\"\" type=\"number\" name=\"qtdlivros\" \/><\/span> <\/label>\n<\/p>\n<p><label> <strong>CEP - Local de entrega<\/strong><br \/>\n<span class=\"wpcf7-form-control-wrap\" data-name=\"CEP\"><input size=\"40\" maxlength=\"400\" class=\"wpcf7-form-control wpcf7-text wpcf7-validates-as-required\" aria-required=\"true\" aria-invalid=\"false\" value=\"\" type=\"text\" name=\"CEP\" \/><\/span> <\/label>\n<\/p>\n<p><label> fa\u00e7a sua observa\u00e7\u00e3o abaixo:<br \/>\n<span class=\"wpcf7-form-control-wrap\" data-name=\"mensagem\"><textarea cols=\"40\" rows=\"10\" maxlength=\"2000\" class=\"wpcf7-form-control wpcf7-textarea\" aria-invalid=\"false\" name=\"mensagem\"><\/textarea><\/span> <\/label>\n<\/p>\n<p><label> <strong>Uma vez preenchidos, os dados informados geram um registro de atendimento que ser\u00e1 recebido por e-mail, e gravado em banco de dados, estas informa\u00e7\u00f5es ser\u00e3o usadas expl\u00edcitamente para o fim a que se destina, e n\u00e3o ser\u00e3o usadas para outras finalidades, e menos ainda, repassadas para qualquer outra entidade, exceto para fins Jur\u00eddicos na presta\u00e7\u00e3o do servi\u00e7o.<br \/>\nLembramos que por tratar-se de uma presta\u00e7\u00e3o de servi\u00e7o, a comunica\u00e7\u00e3o por e-mail ou telefone, poder\u00e1 ser usada para ofertar oportunidades e promo\u00e7\u00f5es do servi\u00e7o sempre que estas surgirem.<br \/>\nPor estar conivente com o envio de suas informa\u00e7\u00f5es conforme o par\u00e1grafo acima, inclusive, estando ciente do preenchimento de todos campos anteriores, a caixa de aceite abaixo, deve ser marcada para concordar com o envio deste formul\u00e1rio.<\/strong><br \/>\n<span class=\"wpcf7-form-control-wrap\" data-name=\"concordo\"><span class=\"wpcf7-form-control wpcf7-acceptance\"><span class=\"wpcf7-list-item\"><input type=\"checkbox\" name=\"concordo\" value=\"1\" aria-invalid=\"false\" \/><\/span><\/span><\/span> <strong>Aceito<\/strong> <\/label>\n<\/p>\n<p><input class=\"wpcf7-form-control wpcf7-submit has-spinner\" type=\"submit\" value=\"Enviar\" \/>\n<\/p><p style=\"display: none !important;\" class=\"akismet-fields-container\" data-prefix=\"_wpcf7_ak_\"><label>&#916;<textarea name=\"_wpcf7_ak_hp_textarea\" cols=\"45\" rows=\"8\" maxlength=\"100\"><\/textarea><\/label><input type=\"hidden\" id=\"ak_js_1\" name=\"_wpcf7_ak_js\" value=\"188\"\/><script>document.getElementById( \"ak_js_1\" ).setAttribute( \"value\", ( new Date() ).getTime() );<\/script><\/p><div class=\"wpcf7-response-output\" aria-hidden=\"true\"><\/div>\n<\/form>\n<\/div>\n<\/div>\n","protected":false},"excerpt":{"rendered":"","protected":false},"author":1,"featured_media":0,"parent":0,"menu_order":0,"comment_status":"closed","ping_status":"closed","template":"","meta":{"footnotes":""},"class_list":["post-106","page","type-page","status-publish","hentry"],"aioseo_notices":[],"_links":{"self":[{"href":"https:\/\/allprintvarella.com.br\/quote\/wp-json\/wp\/v2\/pages\/106","targetHints":{"allow":["GET"]}}],"collection":[{"href":"https:\/\/allprintvarella.com.br\/quote\/wp-json\/wp\/v2\/pages"}],"about":[{"href":"https:\/\/allprintvarella.com.br\/quote\/wp-json\/wp\/v2\/types\/page"}],"author":[{"embeddable":true,"href":"https:\/\/allprintvarella.com.br\/quote\/wp-json\/wp\/v2\/users\/1"}],"replies":[{"embeddable":true,"href":"https:\/\/allprintvarella.com.br\/quote\/wp-json\/wp\/v2\/comments?post=106"}],"version-history":[{"count":1,"href":"https:\/\/allprintvarella.com.br\/quote\/wp-json\/wp\/v2\/pages\/106\/revisions"}],"predecessor-version":[{"id":108,"href":"https:\/\/allprintvarella.com.br\/quote\/wp-json\/wp\/v2\/pages\/106\/revisions\/108"}],"wp:attachment":[{"href":"https:\/\/allprintvarella.com.br\/quote\/wp-json\/wp\/v2\/media?parent=106"}],"curies":[{"name":"wp","href":"https:\/\/api.w.org\/{rel}","templated":true}]}}